are the prime factors of 1017116739?
3, 29, 3896999
List the prime factors of 68670202.
2, 29, 1183969
What are the prime factors of 1259381637?
3, 29, 4825217
List the prime factors of 1806033207.
3, 11, 54728279
List the prime factors of 40886513.
17, 2405089
List the prime factors of 448175835.
3, 5, 31, 73, 163
List the prime factors of 325883107.
11, 29625737
List the prime factors of 68671713.
3, 11, 2080961
List the prime factors of 3064847686.
2, 17, 90142579
What are the prime factors of 4223239745?
5, 2179, 387631
What are the prime factors of 145786743?
3, 2017, 2677
List the prime factors of 2351111727.
3, 23, 1601, 21283
List the prime factors of 2110430225.
5, 19, 1259, 3529
What are the prime factors of 204166825?
5, 47, 3697
List the prime factors of 143938769.
13, 37, 47, 6367
What are the prime factors of 40979733?
3, 13659911
What are the prime factors of 38334415?
5, 7, 156467
List the prime factors of 26703849.
3, 47, 189389
List the prime factors of 23951994.
2, 3, 11, 59, 6151
What are the prime factors of 25225097?
997, 25301
What are the prime factors of 323046635?
5, 64609327
What are the prime factors of 200773812?
2, 3, 16731151
What are the prime factors of 51686892?
2, 3, 191, 7517
What are the prime factors of 45090298?
2, 11, 263, 7793
List the prime factors of 569788031.
17, 33516943
List the prime factors of 1595770363.
11, 8513, 17041
What are the prime factors of 712903969?
1471, 484639
List the prime factors of 44892646.
2, 4133, 5431
List the prime factors of 137683636.
2, 829, 41521
What are the prime factors of 5932518110?
2, 5, 23, 29, 38671
List the prime factors of 59961427.
523, 114649
List the prime factors of 268912889.
7, 38416127
What are the prime factors of 1368824907?
3, 17159, 26591
List the prime factors of 965489843.
4831, 199853
What are the prime factors of 68481148?
2, 239, 71633
List the prime factors of 590912095.
5, 17, 2351, 2957
List the prime factors of 555485.
5, 7, 59, 269
List the prime factors of 85912781.
17, 5053693
List the prime factors of 45078068.
2, 7, 23, 69997
What are the prime factors of 16960908?
2, 3, 89, 15881
List the prime factors of 71577032.
2, 431, 20759
List the prime factors of 489836736.
2, 3, 43, 19777
List the prime factors of 181394923.
83, 2185481
What are the prime factors of 300795462?
2, 3, 11, 1519169
List the prime factors of 71590377.
3, 31, 769789
What are the prime factors of 3669061367?
19, 61, 3165713
List the prime factors of 156953231.
17, 9232543
What are the prime factors of 26234725?
5, 11, 19, 5021
What are the prime factors of 1151035423?
1151035423
What are the prime factors of 13346056?
2, 19, 87803
List the prime factors of 1112663761.
11, 101151251
What are the prime factors of 808488604?
2, 7, 11, 127, 1879
What are the prime factors of 851894644?
2, 383, 556067
What are the prime factors of 69570642?
2, 3, 11595107
What are the prime factors of 773398032?
2, 3, 11, 1464769
What are the prime factors of 58584560?
2, 5, 47, 15581
What are the prime factors of 2352455285?
5, 79, 5955583
List the prime factors of 504328961.
1259, 400579
List the prime factors of 48118459.
47, 157, 6521
What are the prime factors of 102963022?
2, 51481511
List the prime factors of 2521042417.
19, 6983497
What are the prime factors of 553251103?
553251103
What are the prime factors of 10921825?
5, 347, 1259
List the prime factors of 672089214.
2, 3, 103, 271, 4013
List the prime factors of 111222237.
3, 7, 97, 54601
List the prime factors of 169125179.
113, 821, 1823
List the prime factors of 469622618.
2, 234811309
List the prime factors of 46738541.
46738541
List the prime factors of 95914440.
2, 3, 5, 157, 1697
List the prime factors of 2550994971.
3, 7, 121475951
What are the prime factors of 1482855?
3, 5, 11, 19, 43
List the prime factors of 319584713.
7, 263, 24799
List the prime factors of 73069463.
67, 1090589
What are the prime factors of 35766171?
3, 7, 189239
List the prime factors of 825363041.
11447, 72103
What are the prime factors of 111890794?
2, 233, 240109
List the prime factors of 391042690.
2, 5, 229, 170761
List the prime factors of 2161667539.
37, 167, 349841
What are the prime factors of 1581527730?
2, 3, 5, 3491, 15101
What are the prime factors of 127620566?
2, 181, 352543
What are the prime factors of 17142520?
2, 5, 428563
List the prime factors of 458063709.
3, 3671, 41593
List the prime factors of 1269193.
1269193
List the prime factors of 33683981.
2671, 12611
What are the prime factors of 2002758266?
2, 47, 21305939
List the prime factors of 5260165294.
2, 11923, 220589
List the prime factors of 6437674.
2, 3218837
What are the prime factors of 12760679?
12760679
What are the prime factors of 40140321?
3, 13, 29, 35491
List the prime factors of 67700206.
2, 7, 281, 17209
List the prime factors of 39215961.
3, 31, 46853
List the prime factors of 395750028.
2, 3, 3079, 10711
List the prime factors of 953141541.
3, 11, 28883077
What are the prime factors of 355826250?
2, 3, 5, 13, 811
List the prime factors of 480234666.
2, 3, 17, 4708183
What are the prime factors of 335800764?
2, 3, 13, 647, 1109
What are the prime factors of 654842977?
31, 181, 116707
What are the prime factors of 255727970?
2, 5, 547, 46751
What are the prime factors of 201317237?
11, 18301567
List the prime factors of 23491781.
37, 179, 3547
List the prime factors of 2567617991.
19, 59, 2290471
What are the prime factors of 2946637303?
36341, 81083
What are the prime factors of 22798863?
3, 89, 28463
List the prime factors of 1630595882.
2, 11491, 70951
List the prime factors of 406891678.
2, 31, 6562769
List the prime factors of 1394399466.
2, 3, 17, 4556861
What are the prime factors of 525629137?
11, 17, 67, 41953
What are the prime factors of 43962861?
3, 109, 134443
List the prime factors of 9957099.
3, 107, 31019
List the prime factors of 94607396.
2, 13, 29, 43, 1459
List the prime factors of 14016294.
2, 3, 113, 2297
What are the prime factors of 1940719077?
3, 11, 2017, 9719
What are the prime factors of 3615268611?
3, 67, 17986411
What are the prime factors of 891811328?
2, 89, 19571
What are the prime factors of 65464729?
11, 37, 239, 673
What are the prime factors of 87022810?
2, 5, 7, 151, 8233
What are the prime factors of 947040062?
2, 473520031
What are the prime factors of 630789046?
2, 17, 1987, 9337
List the prime factors of 1173411861.
3, 19, 23, 895051
What are the prime factors of 127277836?
2, 7, 73, 853
List the prime factors of 14910435.
3, 5, 127, 2609
What are the prime factors of 869306477?
13, 41, 53, 30773
What are the prime factors of 652961277?
3, 19, 31, 2161
List the prime factors of 6840868702.
2, 23, 148714537
List the prime factors of 166559201.
101, 1649101
List the prime factors of 300694523.
37, 8126879
What are the prime factors of 66982297?
571, 117307
What are the prime factors of 361286802?
2, 3, 317, 63317
List the prime factors of 1343834748.
2, 3, 31, 1204153
List the prime factors of 159403818.
2, 3, 7, 41, 92569
List the prime factors of 2609813.
2609813
List the prime factors of 106210698.
2, 3, 11, 577, 2789
What are the prime factors of 628956865?
5, 125791373
What are the prime factors of 63844311?
3, 181, 117577
What are the prime factors of 106362121?
106362121
List the prime factors of 191763483.
3, 641, 99721
List the prime factors of 773004277.
1289, 599693
What are the prime factors of 101274725?
5, 73, 211, 263
List the prime factors of 91558399.
91558399
What are the prime factors of 35446668?
2, 3, 79, 139, 269
What are the prime factors of 388528698?
2, 3, 1823, 35521
List the prime factors of 322574652.
2, 3, 547, 16381
What are the prime factors of 14550358?
2, 163, 44633
List the prime factors of 8884669.
67, 132607
What are the prime factors of 6125987328?
2, 3, 3988273
What are the prime factors of 30724470?
2, 3, 5, 7, 6967
List the prime factors of 1523164696.
2, 23, 2069, 4001
List the prime factors of 105322520.
2, 5, 23, 239, 479
List the prime factors of 602123408.
2, 17, 197, 661
What are the prime factors of 377497606?
2, 37, 659, 7741
What are the prime factors of 3337921253?
17, 23, 8536883
What are the prime factors of 44939336?
2, 13, 31, 53, 263
List the prime factors